{"id":40,"date":"2012-07-09T21:59:15","date_gmt":"2012-07-09T21:59:15","guid":{"rendered":"http:\/\/constructa.com.mx\/?page_id=40"},"modified":"2021-01-26T20:08:10","modified_gmt":"2021-01-26T20:08:10","slug":"calidad","status":"publish","type":"page","link":"http:\/\/www.constructa.com.mx\/new_site\/calidad\/","title":{"rendered":"CALIDAD"},"content":{"rendered":"\t\t<div data-elementor-type=\"wp-page\" data-elementor-id=\"40\" class=\"elementor elementor-40\" data-elementor-settings=\"[]\">\n\t\t\t\t\t\t<div class=\"elementor-inner\">\n\t\t\t\t\t\t\t<div class=\"elementor-section-wrap\">\n\t\t\t\t\t\t\t<section class=\"elementor-section elementor-top-section elementor-element elementor-element-b68066b elementor-section-stretched elementor-section-boxed elementor-section-height-default elementor-section-height-default\" data-id=\"b68066b\" data-element_type=\"section\" data-settings=\"{&quot;stretch_section&quot;:&quot;section-stretched&quot;}\">\n\t\t\t\t\t\t<div class=\"elementor-container elementor-column-gap-default\">\n\t\t\t\t\t\t\t<div class=\"elementor-row\">\n\t\t\t\t\t<div class=\"elementor-column elementor-col-100 elementor-top-column elementor-element elementor-element-854fbaf\" data-id=\"854fbaf\" data-element_type=\"column\">\n\t\t\t<div class=\"elementor-column-wrap elementor-element-populated\">\n\t\t\t\t\t\t\t<div class=\"elementor-widget-wrap\">\n\t\t\t\t\t\t<div class=\"elementor-element elementor-element-5282f8c elementor-invisible elementor-widget elementor-widget-image\" data-id=\"5282f8c\" data-element_type=\"widget\" data-settings=\"{&quot;_animation&quot;:&quot;fadeIn&quot;}\" data-widget_type=\"image.default\">\n\t\t\t\t<div class=\"elementor-widget-container\">\n\t\t\t\t\t\t\t\t<div class=\"elementor-image\">\n\t\t\t\t\t\t\t\t\t\t\t\t<img width=\"1200\" height=\"514\" src=\"http:\/\/www.constructa.com.mx\/new_site\/wp-content\/uploads\/Calidad_Mesa-de-trabajo-1.png\" class=\"elementor-animation-shrink attachment-full size-full\" alt=\"\" loading=\"lazy\" srcset=\"http:\/\/www.constructa.com.mx\/new_site\/wp-content\/uploads\/Calidad_Mesa-de-trabajo-1.png 1200w, http:\/\/www.constructa.com.mx\/new_site\/wp-content\/uploads\/Calidad_Mesa-de-trabajo-1-800x343.png 800w, http:\/\/www.constructa.com.mx\/new_site\/wp-content\/uploads\/Calidad_Mesa-de-trabajo-1-1024x439.png 1024w, http:\/\/www.constructa.com.mx\/new_site\/wp-content\/uploads\/Calidad_Mesa-de-trabajo-1-768x329.png 768w\" sizes=\"(max-width: 1200px) 100vw, 1200px\" \/>\t\t\t\t\t\t\t\t\t\t\t\t\t\t<\/div>\n\t\t\t\t\t\t<\/div>\n\t\t\t\t<\/div>\n\t\t\t\t\t\t<\/div>\n\t\t\t\t\t<\/div>\n\t\t<\/div>\n\t\t\t\t\t\t\t\t<\/div>\n\t\t\t\t\t<\/div>\n\t\t<\/section>\n\t\t\t\t<section class=\"elementor-section elementor-top-section elementor-element elementor-element-5ae50af elementor-section-stretched elementor-section-boxed elementor-section-height-default elementor-section-height-default\" data-id=\"5ae50af\" data-element_type=\"section\" data-settings=\"{&quot;stretch_section&quot;:&quot;section-stretched&quot;}\">\n\t\t\t\t\t\t<div class=\"elementor-container elementor-column-gap-default\">\n\t\t\t\t\t\t\t<div class=\"elementor-row\">\n\t\t\t\t\t<div class=\"elementor-column elementor-col-100 elementor-top-column elementor-element elementor-element-c6c40a6\" data-id=\"c6c40a6\" data-element_type=\"column\">\n\t\t\t<div class=\"elementor-column-wrap elementor-element-populated\">\n\t\t\t\t\t\t\t<div class=\"elementor-widget-wrap\">\n\t\t\t\t\t\t<div class=\"elementor-element elementor-element-7ffcc5c elementor-invisible elementor-widget elementor-widget-text-editor\" data-id=\"7ffcc5c\" data-element_type=\"widget\" data-settings=\"{&quot;_animation&quot;:&quot;slideInUp&quot;}\" data-widget_type=\"text-editor.default\">\n\t\t\t\t<div class=\"elementor-widget-container\">\n\t\t\t\t\t\t\t\t<div class=\"elementor-text-editor elementor-clearfix\">\n\t\t\t\t<p><span style=\"vertical-align: inherit;\"><span style=\"vertical-align: inherit;\"><span style=\"vertical-align: inherit;\"><span style=\"vertical-align: inherit;\"><span style=\"vertical-align: inherit;\"><span style=\"vertical-align: inherit;\"><span style=\"vertical-align: inherit;\"><span style=\"vertical-align: inherit;\"><span style=\"vertical-align: inherit;\"><span style=\"vertical-align: inherit;\">Gracias a la preocupaci\u00f3n de Aluminio Constructa por posicionarse en el mercado como la mejor opci\u00f3n, durante la \u00faltima d\u00e9cada, la implementaci\u00f3n de nuevas tecnolog\u00edas ha logrado ampliar nuestra gama de productos y servicios, brind\u00e1ndonos la posibilidad de colaborar en proyectos de gran envergadura y de sumo cuidado, logro que nos permite presumir de una amplia experiencia en la aplicaci\u00f3n de cada uno de nuestros productos y servicios .<\/span><\/span><\/span><\/span><\/span><\/span><\/span><\/span><\/span><\/span><\/p><p style=\"font-family: Roboto, sans-serif; font-size: 16px; font-style: normal; font-weight: 400;\"><span style=\"font-size: 16px;\">El largo tiempo de vida y correcto funcionamiento de nuestros materiales, as\u00ed como la pulcritud que caracteriza a nuestra empresa en la instalaci\u00f3n de materiales herm\u00e9ticos, aseguran un ahorro significativo en esfuerzos humanos y econ\u00f3micos a mediano y largo plazo.<\/span><\/p><p>\u00a0<\/p><p style=\"font-family: Roboto, sans-serif; font-size: 16px; font-style: normal; font-weight: 400;\"><span style=\"font-size: 16px;\">De igual forma, la seguridad es un punto esencial que debe ser tomado con suma responsabilidad, en Aluminio Constructa realizamos cuidadosos an\u00e1lisis de nuestros materiales, para entender su comportamiento y resistencia en situaciones variadas y especificas que en su aplicaci\u00f3n en obra se hace en soluciones precisas para los requerimientos de cada proyecto.<\/span><\/p>\t\t\t\t\t<\/div>\n\t\t\t\t\t\t<\/div>\n\t\t\t\t<\/div>\n\t\t\t\t\t\t<\/div>\n\t\t\t\t\t<\/div>\n\t\t<\/div>\n\t\t\t\t\t\t\t\t<\/div>\n\t\t\t\t\t<\/div>\n\t\t<\/section>\n\t\t\t\t\t\t<\/div>\n\t\t\t\t\t\t<\/div>\n\t\t\t\t\t<\/div>\n\t\t","protected":false},"excerpt":{"rendered":"<p>Gracias a la preocupaci\u00f3n de Aluminio Constructa por posicionarse en el mercado como la mejor opci\u00f3n, durante la \u00faltima d\u00e9cada, la implementaci\u00f3n de nuevas tecnolog\u00edas ha logrado ampliar nuestra gama de productos y servicios, brind\u00e1ndonos la posibilidad de colaborar en [&hellip;]<\/p>\n","protected":false},"author":1,"featured_media":0,"parent":0,"menu_order":0,"comment_status":"closed","ping_status":"closed","template":"","meta":[],"_links":{"self":[{"href":"http:\/\/www.constructa.com.mx\/new_site\/wp-json\/wp\/v2\/pages\/40"}],"collection":[{"href":"http:\/\/www.constructa.com.mx\/new_site\/wp-json\/wp\/v2\/pages"}],"about":[{"href":"http:\/\/www.constructa.com.mx\/new_site\/wp-json\/wp\/v2\/types\/page"}],"author":[{"embeddable":true,"href":"http:\/\/www.constructa.com.mx\/new_site\/wp-json\/wp\/v2\/users\/1"}],"replies":[{"embeddable":true,"href":"http:\/\/www.constructa.com.mx\/new_site\/wp-json\/wp\/v2\/comments?post=40"}],"version-history":[{"count":34,"href":"http:\/\/www.constructa.com.mx\/new_site\/wp-json\/wp\/v2\/pages\/40\/revisions"}],"predecessor-version":[{"id":1502,"href":"http:\/\/www.constructa.com.mx\/new_site\/wp-json\/wp\/v2\/pages\/40\/revisions\/1502"}],"wp:attachment":[{"href":"http:\/\/www.constructa.com.mx\/new_site\/wp-json\/wp\/v2\/media?parent=40"}],"curies":[{"name":"wp","href":"https:\/\/api.w.org\/{rel}","templated":true}]}}